) + (-24 - (4 - 25))?
1
Evaluate 50 - (19 + -70 - -73).
28
-39 + 48 - (-19 - -30 - 6)
4
What is (3 - 41) + 88 + 61 + -97?
14
(6 - 15) + -465 + 460
-14
Calculate 23 - ((-7 - 10 - -9) + 79).
-48
Evaluate -10 + 15 + -80 + 27.
-48
Evaluate -91 + (112 - -125 - 69).
77
Evaluate 16 + 1 + -369 + 394.
42
Calculate -11 + -1 + -7 + 68 + -72.
-23
3167 + -3099 + (-42 - 0)
26
Evaluate (-2752 - -2833) + (-122 - -2).
-39
What is -18 - (-2 - 34) - (-4 + 55)?
-33
What is the value of -117 - -366 - 234 - (-1 - (0 + (2 - -114)))?
132
What is the value of -33 + (-30 - 26) + 127?
38
Calculate 176 - 70 - 39 - -4.
71
Calculate -1 + 3 - (-6 - (-22 + (9 - 2))) - 2.
-9
-53 - -3 - (-16 + 114 + -65)
-83
What is 42 - (146 + -65 - 58)?
19
What is 183 + -105 + (-26 - 15) - -49?
86
What is the value of 8 - ((-70 - -45) + -26)?
59
-74 + (11 + -3 - (-22 - ((-11 - 26) + 0)))
-81
What is the value of 4 + 16 + -39 + 37 + -13?
5
What is 1609 + -1630 - (3 - -1)?
-25
What is 53 + -48 + 6 + 23?
34
What is -26 - ((-34 - 27) + 11 - 4)?
28
Evaluate -85 + -2 - (672 + -841).
82
What is the value of 47 + -95 + (-33 - -131)?
50
What is -3 - -99 - (2 + 26 + -6 + -44 - -10)?
108
Evaluate 7 + (19 + -49 - 1) - -86.
62
What is the value of -14 - ((-2 - (13 + -3 - 127)) + -21)?
-108
What is the value of (3 - 0) + (2 + 3 - 12) + 51 + -59?
-12
(4 - 14) + 2 - 0 - -3 - -27
22
What is 70 + (-31 - 29) - 69?
-59
What is (-1 + 0 - 6) + (8 - 2) + 47 + -34?
12
What is the value of -17 - (-21 + -74) - (17 + -27)?
88
Evaluate (-4 - 12) + -9 - -53.
28
What is 56 + -49 + 12 - (-25 + 4)?
40
Calculate (7 - 0) + (-3 - (3 + -3)) + 135 + -136.
3
18 + -11 - -17 - ((6 - 2) + (11 - 19))
28
What is 2 - (-11 + (22 - 2)) - ((-11 - -1) + 17)?
-14
Calculate 6 + 9 + (-1 - 17) + 1 + -3 + -33.
-38
Evaluate -157368 + 157384 + (-1 - ((18 - -1) + -3 + 1)).
-2
Calculate -11 + 90 - (153 + -52).
-22
What is 10 + (-15 - -10 - 9 - -29 - -44)?
69
Calculate -56 - ((-25 - -7) + -63).
25
Evaluate 42 + 29 + -62 - (-5 + 61 + 1 + -3).
-45
45 + -51 + 27 + -15
6
What is the value of (1 + -25 - (193 + -212)) + 15?
10
What is 54 - (29 - (-13 - -26))?
38
Evaluate 5 + 75 + 24 + -38 - (1 + -2).
67
What is -33 + (-11 - (7 - (1 - -14)) - 8)?
-44
What is 108 - (108 + 30) - (16 + -1)?
-45
86 + (16 - 75 - -35)
62
What is 5 - (-32 - (-1 - (-8 - (-16 - -2))))?
30
Evaluate 17 + (-28 - -8) + 1 - (5 - 8).
1
What is (5937 - 5898) + 0 + 0?
39
What is the value of -20 - -15 - (10 - -13 - -15)?
-43
What is (-34 + -14 - -37) + -26?
-37
Evaluate (-80 - (-7 - 23) - -34) + 20.
4
Evaluate -7 + 0 + -22 + 79 + 10 + -134.
-74
What is the value of 89 - (21 - 9) - 48?
29
-3 + (-1034 + 1078 - (-1 + -2 + 0))
44
Evaluate (-18 - -24) + (2 - 9) - (0 - -27).
-28
Calculate -79 + 76 - 25 - 20.
-48
What is -4 - (12 - (55 + (-31 - -3)))?
11
What is (-61 - -67) + (-34 - (-8 + 24)) + 3 + -1?
-42
Evaluate 42 - (-38 + (-36 - -82) + (9 + -1 - 3)).
29
What is the value of -25 + (6 - (3 - 24 - 4)) + 33?
39
-6 - (10 - (7 + -8)) - 2
-19
What is the value of -17 - (21 + -14 + 6 + 1 + -21)?
-10
What is the value of -46 + 154 + 24 - (2 + 25)?
105
What is (-263 - -410) + -85 + 0?
62
Evaluate (0 - 34) + 10 + -39 + (4 - -10).
-49
What is the value of 13 + (-1 + 7 + 1 + 49 + 75 - 12)?
132
What is -54 + (-13 - -149) + -108?
-26
What is 38 - 33 - ((6 + -12 - 4) + -33 + 3)?
45
What is the value of -68 + -13 + 51 + (-18 - -83)?
35
-28 + (13 - (9 + -22 - 25))
23
Evaluate 1 + 108 + (-66 - -1).
44
Evaluate 108 + -103 - (28 + -1).
-22
What is the value of (1 + -74 - (0 - (-5 - -13))) + (22 - 13)?
-56
What is 32 + -48 - (-75 + ((7 - 8) + -1 - -10))?
51
-2 + -43 - (-1601 + 1485)
71
54 + -81 + -12 - (0 + 1 - 17)
-23
What is (37 + -18 - (24 + 2)) + 10?
3
What is -11 - (-112 - (77 + -153))?
25
Calculate (17 + (-33 - -23) - 27) + 67.
47
Evaluate -44 + 68 + -28 + 16 - (21 - -1) - 101.
-111
What is -29 + (-147 - -199) - (-1 - 55)?
79
What is -106 + 55 - (-63 - -17)?
-5
Evaluate (-39 - (-29 + 18)) + -33.
-61
(0 - -30) + (-10 - (-12 + -28 + 17) - 14)
29
What is 12 - (-392 + 432 + (-27 - 0))?
-1
Evaluate -4 + -1 + (-32 - 3) - (35 + -16 - 29).
-30
What is 0 + 1 + (-32 - -17) - (5 + (19 - 28))?
-10
What is the value of -103 + -2 - (-104 - (-27 - 47))?
-75
Calculate -9 + (27 + -38 + 48 - -2).
30
What is the value of 11 + -4 + -52 + (-13 - 2 - -33)?
-27
Evaluate -7 - -36 - (-33 + 29 - -15).
18
Calculate 26 - 14 - ((-10 - -2) + 14).
6
What is the value of (68 - (-93 + 108)) + -46?
7
Calculate -98 + 184 + -104 + (0 - -21).
3
Calculate 10 + ((-24 - -13) + 37 - 1) + (4 - 0).
39
Calculate 3 - ((2 - 0) + (1 - -8) - (1388 - 1411)).
-31
What is the value of (-1 - (0 - 3)) + (-244 + 58 - -144)?
-40
What is -16 + (8 + 11 + -30 + 3 - -20)?
-4
What is -12 + (4 - 2) - (-2 - -59) - (-2 - 0)?
-65
Calculate (37 - -5) + (17 - 5 - (-20 + 28)).
46
(11 + 49 - 1) + -6
53
Calculate 40 - 175 - (-38 - 28).
-69
Calculate -1 - 95 - (24 + 1 - (378 + -376)).
-119
What is the value of -47 + (27 - 28 - 25)?
-73
Calculate 13 + (-26 - -13) - ((-5 - (-5 + -5)) + -8).
3
What is the value of (0 - 11) + (-195 - -79 - -91)?
-36
-39 + 52 - (292 + -149)
-130
409 + -398 + -1 + -1 - 53
-44
What is -5 + -32 - (1 - (-3 + 1 + 3) - -6)?
-43
Evaluate (39 - -3) + -3 + -40 + 32.
31
What is the value of -31 + 35 + 46 + -28 - (2 - 2)?
22
Evaluate (20 - (162 + -81)) + 101.
40
Evaluate -7 - -2 - -45 - -21 - 5.
56
What is the value of 3 + 5 + (3 - 13) + 10 - 43?
-35
-87 + (13 + 1 + (14 - 14) + -29 - -6)
-96
Calculate -26 + (16 - (2 - -34)).
-46
45 + -93 + 18 + 63
33
What is 21 - 0 - (-169 - (-219 - -45))?
16
Calculate 84 - ((267 - 129) + -108).
54
(-12 - (-12 + (-20 - 63) - -5)) + -20
58
Calculate -9 + 12 - (-2 + 15) - (4 + -15).
1
What is the value of (6 - (2 - -17)) + -13 + -21 + 10?
-37
What is the value of -38 + 4 + 40 - -6?
12
What is the value of (-50 - -71 - -37) + -100?
-42
-18 + 13 + (12 - -5 - -4) + -1
15
11 - (19 + -24 + 20 + -40)
36
What is the value of (1598 - 1516) + (-114 - 1)?
-33
What is 81 - (-186 + 109) - 144?
14
What is the value of -1 - -14 - ((39 - (-5 + 31)) + -49)?
49
What is the value of 81 + (51 - 92 - 32)?
8
What is 4 + 0 + -16 - (-18 - (-37 - (-19 + 4)))?
-16
Calculate (73 - 14) + -52 + -50.
-43
Evaluate (208 - (231 - 157)) + -146.
-12
What is 56 - 75 - (-95 + 88 - (-2 + 4 + -1))?
-11
What is -10 - (39 - 30 - ((-3 - -2) + 4))?
-16
What is -3 + 4 + -8 + (98 - 49 - 40)?
2
Calculate -1 - (-17 + -1) - (-278 - -452 - 171).
14
Calculate (29 + 16 - 132) + 36.
-51
Calculate (1261 - 1351) + (11 + -4 - 0).
-83
Calculate -5 + ((-11 - 2) + 8 - 10) + 2 + -3.
-21
Evaluate 0 + 24 + 1614 + -1619.
19
What is 2223 + -2123 + (-90 - -4)?
14
Evaluate -36 - -5 - (-97 - -97).
-31
Evaluate (-6 + -49 - (3 + -11)) + (4 - (-2 + 10)).
-51
Calculate 3 + (5 - 12 - -6 - -10) + -134 + 133.
11
-276 - (42 - 319) - (-2 - -1 - (-17 + -1))
-16
Evaluate 73 - (17 + (-10 - -18)).
48
What is the value of 31 - 0 - (3 - -19 - (22 - -6))?
37
What is the value of 24 - (-15 - (31 + 12 + -15))?
67
What is (-4 - (4 - 6)) + (20 - (17 - 11)) - -5?
17
(-68 - -16) + -7 - (12 + -5)
-66
Calculate 139 - (-88 - -82 - -210).
-65
What is the value of (-69 - (-78 - 6)) + 4?
19
What is 0 + 65 - (-40 - (-24 - 58 - -30))?
53
What is the value of (-1 - 3) + 8 - -7 - (-11 - -32)?
-10
(-5 - (9 + -33)) + -39
-20
59 - 122 - 11 - (-2 + (23 - -1))
-96
-15 + -10 + -81 + -3 + 5 + -1 + -14
-119
Calculate 47 + -25 - (12 - (2 - -29)).
41
12 + (0 - -14) + (56 - 75)
7
What is the value of 54 + (-18 + 40 + -36 - -22)?
62
What is -1419 + 1420 + (-1 - 4) + (-104 - 0)?
-108
What is (2 + -52 - (2 - 1)) + (-3 - -78) + -80?
-56
Calculate (15 - (-19 + 32)) + -39 + 7 + -12.
-42
What is the value of (-46 + 47 - (-41 - -3)) + -7?
32
(367 - 413) + (14 - 8)
-40
What is the value of (16 - -12) + -54 + 71?
45
What is (-93 - (-205 + 46)) + -214?
-148
Calculate 96 + -87 + 42 + -7 + -2 + 6.
48
What is 18 + (9 - 16) - 11 - (-28 - -9)?
19
Evaluate -258 + 109 + 159 - ((-1 - 0) + 13).
-2
Evaluate -5129 + 5132 + (-4 - 1).
-2
Evaluate 2 - (-3 - 5) - (91 + -90) - -16.
25
What is the value of (398 - 375) + (-34 - 3)?
-14
What is 26 - (-13 - (-4 + -1 + (13 - 9)))?
38
-35 + 11 + -39 + 14
-49
What is the value of (13 - ((-2 - -4) + (-3 - (8 - 10)))) + -32?
-20
What is 4 + -6 - -16 - 1 - (-4 + 11 - -3)?
3
What is (45 - (3 + -2)) + -2 - (-49 - 